*3 - 9*j**2 + 7*j + 16. Let q be l(8). List the prime factors of -3 + q/4 - -27.
2, 13
Let x = -786 + 3185. What are the prime factors of x?
2399
Suppose 2*r + 4*j + 58 = -r, 0 = 2*j + 8. Let f = r + 37. What are the prime factors of f?
23
Let c be ((-1)/2)/((-1)/4). Let s = c + 20. What are the prime factors of s?
2, 11
Suppose 1234*r = 1239*r - 10850. What are the prime factors of r?
2, 5, 7, 31
Let r = 6954 + -1775. What are the prime factors of r?
5179
Let b = 13 - 8. Suppose 0*a - b*a = -530. Suppose a = 4*i - 18. List the prime factors of i.
31
Let n = 237 - -83. What are the prime factors of n?
2, 5
Let g(f) = f**3 - 6*f**2 + f - 4. Let l be g(6). Let x(w) = w + 5. Let b be x(-3). Suppose 2*u + 89 = 5*u + b*r, -u + l*r = -43. List the prime factors of u.
3, 11
Let g(s) = s**3 + 7*s**2 + 10*s + 1. Let z be g(-6). List the prime factors of -14 + 17 - 1*z.
2, 13
Let z(g) = g**2 - g - 1. Let w be z(-1). Let s(c) = 84*c**2. List the prime factors of s(w).
2, 3, 7
Let g(d) = -d**3 - d**2 + 2. Suppose -3*v = -8 + 2. Let z be g(v). Let f = 14 - z. What are the prime factors of f?
2, 3
Suppose -26 = -2*s - 3*w, 8*w = 2*s + 4*w - 26. Suppose 8*y + 995 = s*y. List the prime factors of y.
199
Let r = 38 - 45. Let u(f) = 2*f**2 + 6*f - 15. List the prime factors of u(r).
41
Suppose 4*c + 24 = 2*p, -2*p + 4*p + 2*c = -6. Suppose 3*k = 3*b + 5*k - 190, p = -2*k. List the prime factors of b.
2
What are the prime factors of (-4)/(-10) - 2288/(-5)?
2, 229
Let n(h) = -3*h + 38. Let z be n(11). Suppose f + i - 8 = -3*i, 0 = -5*f - z*i + 100. What are the prime factors of f?
2, 3
Let a(i) = 371*i - 28. Let p be a(5). Suppose p = -4*b + 13*b. What are the prime factors of b?
7, 29
Suppose -a - 4*r = 4*a - 70, 2*a + 4*r - 28 = 0. Let v(g) = -g**2 + 14*g + 15. What are the prime factors of v(a)?
3, 5
What are the prime factors of 786 - 1 - 376/47?
3, 7, 37
Let w = -926 - -1314. Suppose w = 4*f + 80. List the prime factors of f.
7, 11
Let l be -13 - -109 - 3*-1. Suppose -495 = -4*r - l. What are the prime factors of r?
3, 11
Let b(w) = 254*w + 1039. What are the prime factors of b(7)?
3, 313
Let f be (-6)/5*-1*20/6. List the prime factors of f*(-1)/(-10)*(9 - -381).
2, 3, 13
Let v = 5 - 6. Let p be (1 - v/(-7))*-7. Let k(t) = t**3 + 8*t**2 + 7*t. List the prime factors of k(p).
2, 3, 5
Let h = 421 + -297. List the prime factors of h.
2, 31
Suppose -5*u - 11622 = -31*u. What are the prime factors of u?
3, 149
Suppose 34*a = 37*a - 66. Let r(z) = z**3 - 21*z**2 - 19*z + 24. What are the prime factors of r(a)?
2, 3, 5
Let q = -821 + 1177. List the prime factors of q.
2, 89
What are the prime factors of ((-78)/(-14) + (-192)/336)*444?
2, 3, 5, 37
Let q be ((-28)/12)/(2/(-6)). Let k = q + -5. Suppose 69 = 3*i + 2*t, 3*t - 2*t = k*i - 53. List the prime factors of i.
5
Let t = -341 - -774. List the prime factors of t.
433
Let g(a) = -9*a - 10. Let d be g(-10). Suppose 2*l - 2*c + 80 = 0, 2*l = 7*c - 2*c - d. List the prime factors of (6/10)/((-4)/l).
2, 3
Suppose 0 = -5*u - 64 + 1519. Suppose -2*m - 9 = m, 4*c - u = m. List the prime factors of c.
2, 3
Suppose 5558 = 4*w - w + c, 0 = -w - 2*c + 1861. List the prime factors of w.
3, 617
What are the prime factors of 481 - (15/20)/1*8?
5, 19
Suppose 38*r - 40*r = -66. Suppose 2*f = -i + 5, -2*i + 8 = 2*f + 2*i. Suppose -3*t - t + r = p, 4*t - 46 = -f*p. List the prime factors of p.
13
Let z(t) be the third derivative of 17*t**5/60 - t**4/3 + 10*t**3/3 - 23*t**2. What are the prime factors of z(3)?
149
Let p = 13 - -264. Suppose p = -2*l + 7*l + 3*q, 2*l + 4*q = 122. List the prime factors of l.
53
Let z(u) be the second derivative of -u**4/12 + 5*u**3/3 + 15*u**2/2 - 3*u. Let f be (22/(-4))/((-2)/4). List the prime factors of z(f).
2
Let p(c) = 35*c + 387. List the prime factors of p(5).
2, 281
Let u(y) be the second derivative of -7/2*y**2 + 1/3*y**3 + y + 0. What are the prime factors of u(14)?
3, 7
Let p = 339 + -477. Let q = 166 + p. What are the prime factors of q?
2, 7
Let p(u) = -28*u - 1. Let j be p(-8). Suppose -2*h - 3*h + 284 = 2*r, 4*h + 3*r - j = 0. Suppose -h = -2*v - 2. What are the prime factors of v?
2, 7
Suppose 7 = -f + 2*g, -3*f = -6*f - 5*g + 23. Let k be 18/6 + (f - -11). What are the prime factors of (18/k)/(6/20)?
2
Suppose 7*j - y - 1073 = 2*j, -j + 213 = -y. Suppose z - j = -z - k, 0 = 5*z - 5*k - 545. What are the prime factors of z?
2, 3
Let k be (-12)/(-24)*(0 - 0). Suppose 2*c = -k*t + 3*t - 341, 4*t - 5*c - 443 = 0. List the prime factors of t.
3, 13
Let z(l) = -l**2 + 20*l + 3. Let t be z(20). List the prime factors of t + (12 + -4)*4.
5, 7
Let k(p) = p**2 - 7*p + 12. Suppose -3*x + 1 = -14. Suppose -x*j = -33 - 7. List the prime factors of k(j).
2, 5
Let i = -3 + 13. Let z be (-2 + -1)/((-3)/i). Let u = z + 0. What are the prime factors of u?
2, 5
Suppose 0 = 15*i - 7*i - 2416. List the prime factors of (i/4)/((-7)/(-14)).
151
Let x(k) = 8*k + 9. Suppose -2*a = -0*a - 8. Suppose 0 = -m - 3*r - 4, -5*m + 7 = -a*r - 49. List the prime factors of x(m).
73
Suppose -5*v = -4*j + 4511, 0 = -4*j + 7*v - 11*v + 4484. What are the prime factors of j?
2, 281
Suppose -r + 96 = -s + 408, -2*r = -6. Suppose 0 = 9*u - 4*u - s. List the prime factors of u.
3, 7
Let w = -101 - -187. Suppose -p - 33 = -w. What are the prime factors of p?
53
Let p = 367 + -353. List the prime factors of p.
2, 7
Let u = -2 - -9. Let w(m) = -5*m**2 - 10*m + 24. Let i(g) = -6*g**2 - 9*g + 24. Let p(q) = u*w(q) - 6*i(q). List the prime factors of p(17).
41
Let k = -75 + 101. Let u = 33 - k. What are the prime factors of u?
7
Suppose -4*c + 5*a - 212 = -2*c, -414 = 4*c - 5*a. List the prime factors of (-20)/5 + (-1 - c).
2, 3
Let n be 2/1*8/8. Suppose 2*l = -d + 198 - 65, n*d - 5*l - 275 = 0. Suppose -6*s + 3*s + 3*g = -d, -229 = -5*s + g. List the prime factors of s.
2, 23
Let j = -3970 + 8197. What are the prime factors of j?
3, 1409
Let i(n) be the third derivative of -n**4/8 + 5*n**3/3 + n**2. Let m(k) = -k**2 - 3*k + 17. Let h be m(-7). What are the prime factors of i(h)?
43
Let d = 2256 - 1226. List the prime factors of d.
2, 5, 103
Suppose 4*q + 2*i = 1984, 5*q - 5*i - 1045 = 1405. Suppose 0 = p + 5*u - 90, u - q = -4*p - 115. List the prime factors of p.
5, 19
Suppose -4*c - 8 = 4. Let s(j) = 11*j**2 + j - 3. What are the prime factors of s(c)?
3, 31
Let g = 17 + -4. Suppose -107 - g = -3*v. What are the prime factors of v?
2, 5
Suppose 4299 + 8835 = 11*n. List the prime factors of n.
2, 3, 199
Let q be 2/((-3)/(-6)*-1*2). List the prime factors of (-6)/(q*2/(-880)*-4).
2, 3, 5, 11
Let i = -23 + 35. Suppose -207 = -i*x + 9*x. List the prime factors of x.
3, 23
What are the prime factors of (2678/6)/((-96)/(-288))?
13, 103
Suppose -4050 = 10*a - 19*a. What are the prime factors of a?
2, 3, 5
Suppose 211*t + 207135 = 256*t. List the prime factors of t.
4603
List the prime factors of -3 - (-7101)/15 - (-4)/(-10).
2, 5, 47
Suppose -2*l + 10 = -0. Suppose -l*o + 26 = 6. Suppose -x - 6 = -3*w, -4*x + 3 = w - o*w. What are the prime factors of x?
3
Let c = 768 - 481. List the prime factors of c.
7, 41
Let y be (-24)/16*(-32)/6. List the prime factors of (68 - -1) + (16/(-2))/y.
2, 17
Let i = 196 - -19. Suppose 0 = -t + 3*b + 115, -2*t + 4*b - b = -i. What are the prime factors of t?
2, 5
Let p be 1*-2 - 26/(-13). Suppose -m = -4 - p. Suppose -5*k = j - 34, 5*k - m*k = j + 8. What are the prime factors of k?
7
Let l be 3/(-9) + (-4)/6. Let b = -29 - -43. Let z = l + b. List the prime factors of z.
13
Let h be (4/(-5))/((-26)/(-65)). Let g(w) = -26*w - 2. What are the prime factors of g(h)?
2, 5
Suppose -5*w + 98 = 4*o - 3*w, -4*w = 5*o - 124. Suppose 5*t + 99 = u, -10 = -4*u + 6. Let c = o - t. List the prime factors of c.
43
Let y = 83 + -51. List the prime factors of y.
2
Suppose -3 = -q - 3*z, 4*q + z + 0 = 1. Suppose -2*g + 8 = -q*g. Suppose d - 2*d - g*c - 1 = 0, -3*c + 9 = 4*d. List the prime factors of d.
3
List the prime factors of 108/(-1*(-6)/4).
2, 3
What are the prime factors of (10 - 66)*(-4)/2?
2, 7
Suppose 42 = -3*u + 5*j - 52, u + 3*j = -22. Let d = 41 - u. Suppose -d = -5*y + 71. List the prime factors of y.
2, 7
Suppose 0 = -23*v + 25*v - 6. Let i be 3/9 + 83/3. List the prime factors of v*(i/12 + -1).
